-2
Let h(s) = -s**3 - 7*s**2 + 9*s + 10. Let k be h(-8). Suppose w + 1 = k*j, -4*w - 5*j + 2 = 45. Let c(f) = -f**2 - 9*f + 6. Give c(w).
20
Let y = -434 - -247. Let t = y - -189. Let v(w) = -2*w**3 + 3*w**2 - 2*w + 3. Calculate v(t).
-5
Let m(a) = -9*a**3 + 7*a**2 - 49*a - 22. Let v(k) = 4*k**3 - 4*k**2 + 22*k + 11. Let f(i) = -3*m(i) - 7*v(i). Give f(7).
-60
Let l(y) = 223026*y**2 + 0*y - 1 + 0*y - 223014*y**2. What is l(2)?
47
Let s(d) = -11*d + 42. Suppose -2*k + 12 = 2*u, -14 = -k - 11. Determine s(u).
9
Let x be (-6)/(-45)*-6*-15. Let o be 8/((-24)/(x/(-2))). Let h(g) = -6*g**2 - 3*g + 4. Let n(f) = 3*f**2 + f - 2. Let d(m) = 2*h(m) + 5*n(m). What is d(o)?
8
Let j(c) = -c**3 - 21*c**2 - 15*c + 89. Suppose -13601 = -17*g - 13941. What is j(g)?
-11
Let w(g) = 19*g**3 + g - 2. Let a be w(1). Let p be (-24)/10*(-60)/a. Let u(f) = f - 4. What is u(p)?
4
Suppose q = -4*a + 11, 2*a + 2*a + 5*q - 7 = 0. Let x(z) = -10*z**3 + 6*z**3 + 3 + a*z**3 - z + 5*z. Give x(-2).
3
Suppose 5*o = 4*d - 6, 4*d = 3*o + 7 - 5. Let l(i) be the first derivative of -15*i**2/2 + i - 11. Determine l(d).
16
Let n(t) = -t**3 - 4*t**2 + t + 1. Let a(s) be the first derivative of 6*s**2 + 1/3*s**3 + 2 + 7*s. Let y be a(-11). Determine n(y).
-3
Let l = -183 + 185. Let c(p) = 0*p - 170 + p**3 + 95 + 9*p**l + 86 + p. Calculate c(-9).
2
Let l(k) = -3*k**2 + 6*k - 4. Suppose u - 7 = a, -5*u + 4*a - 7*a = 5. Let s be l(u). Let j(t) = t**2 + 3*t + 3. Determine j(s).
7
Let o = 441 + -439. Let z(y) = -3*y**3 + 7*y**2 + y + 1. Let k be z(o). Let c(u) = -u**2 + 6*u + 5. Determine c(k).
-2
Let a be ((-4)/((-24)/(-6)))/(-1). Let d be (a - 0) + (-3 - -1). Let j(l) = 11*l**2 - l. What is j(d)?
12
Let p = -478 + 512. Suppose 4*s - 2*h = -p, -3*s - 18 = -2*h + 3*h. Let l(o) = 6*o - 3. Determine l(s).
-45
Let d(u) be the third derivative of u**6/120 + u**5/15 - 5*u**4/24 - 2*u**3/3 + u**2. Let m = -97 - -92. Let n be m/(-1)*(9 + -10). Calculate d(n).
-4
Let h(p) = 3*p - 1. Let u(v) = -21*v - 35. Let t(y) = 8*y + 12. Let j(k) = 17*t(k) + 6*u(k). Let b(n) = 3*h(n) - j(n). What is b(7)?
-4
Let u(m) be the third derivative of m**5/20 - 3*m**4/2 + 31*m**3/6 + 310*m**2 + 2*m + 1. What is u(11)?
-2
Let a = 31514 - 31520. Let r(l) = 8*l + 81. What is r(a)?
33
Let o(i) = 193323*i + 193324*i - 386641*i + 29. Determine o(-4).
5
Let h(q) = 74*q - 669. Let b(o) = 25*o - 243. Let n(u) = 17*b(u) - 6*h(u). Determine n(-7).
16
Let j(d) = d - 1. Let w be ((-56)/10)/(2*5/(-300)). Suppose 3*t - 24*t = -w. Determine j(t).
7
Let z(a) = 26*a + 49. Let q(g) = 12. Let j(m) = -4*q(m) + z(m). Give j(-1).
-25
Let v(f) = -4*f**3 + 17*f**2 + 7*f + 8. Let u(g) = -3*g**3 + 13*g**2 + 7*g + 7. Let h(b) = -3*u(b) + 2*v(b). Let a = -281 + 287. Determine h(a).
-11
Let i(o) = -3*o**2 - 3*o + 2*o + 1 - 7*o**2. Let w be (-4)/3*(-7 + 4). Suppose -w*r = 9 - 13. Calculate i(r).
-10
Let g = 430 - 427. Let i(q) = 8*q + 1. Let v(r) = 9*r + 1. Let m(p) = g*v(p) - 4*i(p). Calculate m(-4).
19
Let j(d) be the second derivative of 4*d**2 - 31*d + 0 + 7/6*d**3 - 1/12*d**4. Give j(7).
8
Let t(b) = 563700*b - 563668*b - 4 - 35. What is t(1)?
-7
Let z(a) be the first derivative of -a**3/3 + 5*a**2 + 19*a - 439. Calculate z(11).
8
Suppose -82*a = -d - 79*a - 9, 3*d + 3 = -3*a. Let r(x) = -2*x**2 + 2*x + 4. Determine r(d).
-20
Let a = -15 + 20. Let q(b) = 0*b**2 - b**2 - 9*b**3 + 0 - 3*b + a*b - b + 1. What is q(-1)?
8
Let k(h) = -h**3 - 10*h**2 - 24*h - 4. Let z be 9/(4 + (1 + (-12)/8)*11). What is k(z)?
-4
Let p(q) = 3*q**3 - 37*q**2 + 72*q + 35. Let f(x) = 17*x**3 - 186*x**2 + 359*x + 181. Let l(s) = -2*f(s) + 11*p(s). Give l(-37).
23
Let x(y) be the first derivative of y**3 + y**2/2 - 8. Let k = -31 + 101. Let o = -69 + k. Give x(o).
4
Suppose -5*q = 4*m + m + 230, -3*q = -4*m + 173. Let j = q - -52. Let u(c) be the third derivative of 17*c**4/24 + c**3/6 + 14*c**2. Determine u(j).
18
Let v(p) = -13*p - 1. Let c(d) = -d. Let n(g) = -6*c(g) + v(g). Let j(h) = -h**2 - 6*h + 39. Let q be j(4). What is n(q)?
6
Let k = -233 - -246. Let n(j) = -5*j**3 + 14*j**2 - 4*j + 4. Let b(a) = -9 + 2*a**2 + 18*a**2 + 9*a - 50*a**2 + 11*a**3. Let q(y) = k*n(y) + 6*b(y). Give q(-3).
-17
Let y(w) be the second derivative of -w**3/6 - 102*w - 7. Let o be 0/((-2)/6*-3). Give y(o).
0
Let d(b) = 9*b**3 - b**2 - b - 1. Let p be (2 - 3)/((9/(-12))/3). Suppose -2*h - 23 = -p*k + k, -2*h = -k + 9. Suppose -k*m + 2 = -9*m. Calculate d(m).
-10
Let i(p) = -p + 2. Let r(y) = -78*y**2 + 11 + y**3 + y + 95*y**2 + 1 - 18*y. Let s be r(-18). Give i(s).
8
Let w be 2 + (23/23 + -1 + 0)/(-2). Let y(z) = -z**2 - 2*z + 2. Give y(w).
-6
Let v = -499 + 849. Let w = v + -350. Let s(a) = -5*a**3 - 16*a**2 + 6*a - 9. Let p(i) = -i**3 - 3*i**2 + i - 2. Let m(u) = 11*p(u) - 2*s(u). Give m(w).
-4
Let l = 563 - 566. Let f(y) be the third derivative of y**4/24 + 2*y**3/3 - y**2 - 20*y. What is f(l)?
1
Let d be 74/(-10) - 9/15. Let p(x) = 10*x - 5. Let c be p(1). Let f(r) = -r + 1 + c - 2 - 1. Give f(d).
11
Let b(x) = -6*x + 4. Let r(n) = -3*n + 2. Let k(h) = 2*b(h) - 5*r(h). Let g be (-1)/(-2*(-4)/(-48)). Suppose -g = -5*w + 4*w. Determine k(w).
16
Let y(t) = t**3 + 6*t**2 + 5*t - 2. Suppose 32 - 51 = 20*c + 61. Calculate y(c).
10
Let z(y) = -y**3 + 40*y**2 - 3*y + 111. Let s = 20743 - 20703. Calculate z(s).
-9
Let l(t) be the first derivative of -2*t**3/3 + t**2/2 - 9. Let z = -17 - -22. Suppose 4*i + 18 = -z*i. What is l(i)?
-10
Let q(k) be the third derivative of 24*k**2 + 3/2*k**3 + 1/60*k**5 + 0*k + 0 - 3/8*k**4. Suppose -4*r + 3*r - 3*h + 2 = 0, 2*r - 18 = h. Give q(r).
1
Let o(a) be the third derivative of 1/60*a**5 + a**3 + 97*a**2 + 0*a - 1/24*a**4 + 2. What is o(0)?
6
Let h(m) be the second derivative of -m**4/4 + 35*m**3/2 - m**2/2 - 4*m + 331. Determine h(35).
-1
Let f(b) = -b**3 + 6 - 8 + 164*b - 6 - 157*b - 6*b**2. Let y = 60 + -67. Give f(y).
-8
Let q(h) = h**3 - 5*h**2 + h + 2. Let m(j) be the second derivative of 2*j**3/3 + 21*j**2/2 - 52*j. Let g be m(-4). What is q(g)?
7
Let l(t) = -t**3 + 2 + 7*t**2 - 3 - t - 6*t + 0*t - 3. Give l(5).
11
Let n(x) = 8*x**3 + 129*x**2 + 77*x - 471. Let p(r) = r**3 + 16*r**2 + 9*r - 59. Let y(w) = -3*n(w) + 25*p(w). What is y(-13)?
16
Suppose -13*h + 9*h = -4. Let i(q) = -9*q**2 + 6*q - 6 + 5*q**2 + 6*q**2. Let a(n) = -n**2 - n + 1. Let x(t) = h*i(t) + 3*a(t). What is x(2)?
-1
Let f(k) = 3*k**2 + 45*k + 14 - 5*k**2 + 0*k**2 - 42*k + k**2. Determine f(6).
-4
Let t be (-26)/156 - 31/(-6). Let l(f) = t - 2*f + 11*f - 17*f**2 + 18*f**2 + 3. Give l(-8).
0
Let f(t) = t**3 - 12*t**2 + 13*t - 1. Let q(b) = -b**3 - 10*b**2 - 12*b - 18. Let w be q(-9). Suppose -w*u - 22*u + 341 = 0. Give f(u).
21
Let g(u) = 19*u - 3. Let z(w) = -28*w + 4. Let j(o) = -7*g(o) - 5*z(o). Let c be -4*2/28 + (-7038)/63. Let m = c + 113. Give j(m).
8
Suppose -42 = -7*w - 28. Let j(a) = -133 - a**w + 58 + 60 + 15*a. Give j(14).
-1
Let l(v) be the first derivative of -72 + 23*v + 1/2*v**2. Calculate l(0).
23
Let c(x) = -x**2 + x - 2. Let l(i) = 5*i**2 + 3*i. Let n(k) = -6*c(k) - l(k). Calculate n(10).
22
Let z be (-6 - (-1 + 1))/1. Let l be 2*(-24)/(-27) + 10/45. Let c(g) = -1049*g**2 + 1050*g**l + 6*g - g - 4. Give c(z).
2
Let r(y) = -y - 2. Let z(o) = -o**3 - 2*o**2 + 2*o - 21. Let l be z(-7). Suppose 8*g - l = 43*g. Determine r(g).
4
Let v(c) = c**3 - 8*c**2 + c + 1. Let z be v(8). Suppose 9*n = 13*n - 60. Let u = n - z. Let m(x) = -x**3 + 6*x**2 - 2*x + 4. What is m(u)?
-8
Let s(v) be the third derivative of v**7/840 - v**6/40 + v**5/120 + 3*v**4/8 + 29*v**3/3 - 142*v**2. Let r(o) be the first derivative of s(o). Calculate r(9).
18
Let z(g) = g**2 + 2*g - 5. Let b be ((-12)/4)/12*0/6. What is z(b)?
-5
Suppose 0 = 8*d + 1 - 33. Suppose 0*j + d*j - 20 = 0. Let f(r) be the first derivative of -2*r**2 + 3*r - 114. Determine f(j).
-17
Suppose -3*g + 1 = 3*s - 5, 5*s = 5*g - 30. Let h be ((-2)/(-16 + g))/(1/(-6)). Let l(j) = -17*j + 1. Give l(h).
18
Let i(x) be the second derivative of x**4/4 + x**3 + x - 314. Suppose -7*l + 2*l = 3*y + 22, -2*l = -y. Determine i(y).
24
Let p be 26440/(-12) + (-8)/36*3. Let f = -784 - p. Let d(m) = 1419*m**2 + 3*m - f*m**2 + 2*m - 1. Determine d(5).
-1
Let m(h) = -h**3 - 16*h**2 - 26*h + 20. Let j = -936 - -922. Calculate m(j).
-8
Let w(o)